{"id":2,"date":"2018-06-07T23:43:18","date_gmt":"2018-06-07T23:43:18","guid":{"rendered":"http:\/\/www.ferramentacavallero.it\/cms\/?page_id=2"},"modified":"2019-02-18T17:33:53","modified_gmt":"2019-02-18T17:33:53","slug":"about","status":"publish","type":"page","link":"http:\/\/www.ferramentacavallero.it\/cms\/about\/","title":{"rendered":"privacy"},"content":{"rendered":"<h2 class=\"Stile6\" align=\"left\">Informativa privacy<\/h2>\n<div class=\"Stile3\" align=\"left\">\n<p>A) Premessa &#8211; A seguito della disciplina dettata dalla Legge n. 675\/96, recante disposizioni per la tutela delle persone e di altri soggetti rispetto al trattamento dei dati personali, forniamo qui di seguito le informazioni circa l&#8217;utilizzo da parte di Linea Rmp dei dati personali acquisiti in relazione alla registrazione sul presente sito.<\/p>\n<\/div>\n<p class=\"Stile3\" align=\"left\">B) Fonte dei dati personali &#8211; I dati in nostro possesso acquisiti attraverso il sito <strong>www.ferramentacavallero.it<\/strong>, sono raccolti per via telematica. Tutti i dati raccolti saranno trattati nel rispetto della normativa vigente, e comunque, con la dovuta riservatezza.<\/p>\n<p class=\"Stile3\" align=\"left\">C) Finalit\u00e0 del trattamento &#8211; La raccolta ovvero il trattamento dei dati personali ha l&#8217;esclusiva finalit\u00e0 di inviare informazioni sulle attivit\u00e0 e manifestazioni promosse da Linea Rmp all&#8217;indirizzo fornito. La Newsletter potr\u00e0 contenere informazioni, proposte commerciali.<\/p>\n<p class=\"Stile3\" align=\"left\">D) Modalit\u00e0 del trattamento &#8211; In relazione alle indicate finalit\u00e0, il trattamento dei dati personali avviene mediante strumenti manuali, informatici e telematici con logiche strettamente correlate alle finalit\u00e0 stesse e, comunque, in modo da garantire la sicurezza e la riservatezza dei dati stessi nel rispetto della citata legge.<\/p>\n<p class=\"Stile3\" align=\"left\">E) Natura della raccolta &#8211; La raccolta dei dati personali ha natura facoltativa.<\/p>\n<p class=\"Stile3\" align=\"left\">F) Comunicazione e diffusione &#8211; I dati personali ed il relativo trattamento saranno oggetto di comunicazione a organizzazioni che collaborano con Linea Rmp. I dati non saranno diffusi.<\/p>\n<p class=\"Stile3\" align=\"left\">G) Diritti dell&#8217;interessato &#8211; L&#8217;art. 13 della legge 675\/96 conferisce agli interessati l&#8217;esercizio di specifici diritti in relazione al trattamento dei propri dati personali, tra cui la cancellazione della sottoscrizione alla newsletter.<\/p>\n<p class=\"Stile3\" align=\"left\">H) Titolare del trattamento &#8211; Il Titolare del trattamento dei dati personali \u00e8 la sottoscritta<strong> Ferramenta Cavallero snc<\/strong>.<\/p>\n","protected":false},"excerpt":{"rendered":"<p>Informativa privacy A) Premessa &#8211; A seguito della disciplina dettata dalla Legge n. 675\/96, recante disposizioni per la tutela delle persone e di altri soggetti rispetto al trattamento dei dati personali, forniamo qui di seguito le informazioni circa l&#8217;utilizzo da parte di Linea Rmp dei&#8230;<\/p>\n","protected":false},"author":1,"featured_media":0,"parent":0,"menu_order":0,"comment_status":"open","ping_status":"open","template":"","meta":[],"_links":{"self":[{"href":"http:\/\/www.ferramentacavallero.it\/cms\/wp-json\/wp\/v2\/pages\/2"}],"collection":[{"href":"http:\/\/www.ferramentacavallero.it\/cms\/wp-json\/wp\/v2\/pages"}],"about":[{"href":"http:\/\/www.ferramentacavallero.it\/cms\/wp-json\/wp\/v2\/types\/page"}],"author":[{"embeddable":true,"href":"http:\/\/www.ferramentacavallero.it\/cms\/wp-json\/wp\/v2\/users\/1"}],"replies":[{"embeddable":true,"href":"http:\/\/www.ferramentacavallero.it\/cms\/wp-json\/wp\/v2\/comments?post=2"}],"version-history":[{"count":2,"href":"http:\/\/www.ferramentacavallero.it\/cms\/wp-json\/wp\/v2\/pages\/2\/revisions"}],"predecessor-version":[{"id":15767,"href":"http:\/\/www.ferramentacavallero.it\/cms\/wp-json\/wp\/v2\/pages\/2\/revisions\/15767"}],"wp:attachment":[{"href":"http:\/\/www.ferramentacavallero.it\/cms\/wp-json\/wp\/v2\/media?parent=2"}],"curies":[{"name":"wp","href":"https:\/\/api.w.org\/{rel}","templated":true}]}}